housands digit of 42872496?
8
What is the tens digit of 60649739?
3
What is the hundred thousands digit of 28930011?
9
What is the units digit of 20223954?
4
What is the tens digit of 1196421927?
2
What is the hundreds digit of 1465645899?
8
What is the hundreds digit of 233128344?
3
What is the hundred thousands digit of 57677114?
6
What is the ten thousands digit of 1672874941?
7
What is the millions digit of 477331759?
7
What is the thousands digit of 398076199?
6
What is the hundred thousands digit of 870945044?
9
What is the units digit of 9077842551?
1
What is the ten thousands digit of 2318351602?
5
What is the hundred thousands digit of 18507845?
5
What is the ten thousands digit of 23424425?
2
What is the ten millions digit of 144114876?
4
What is the units digit of 252970545?
5
What is the millions digit of 1956241256?
6
What is the ten thousands digit of 74418898?
1
What is the millions digit of 1531886373?
1
What is the millions digit of 2809293783?
9
What is the tens digit of 21163622?
2
What is the hundred millions digit of 447968463?
4
What is the units digit of 116676752?
2
What is the hundreds digit of 3618613271?
2
What is the hundred millions digit of 175572767?
1
What is the tens digit of 33760300?
0
What is the tens digit of 3710937588?
8
What is the thousands digit of 79365997?
5
What is the ten millions digit of 154227341?
5
What is the thousands digit of 5626181006?
1
What is the millions digit of 1821308677?
1
What is the hundred millions digit of 122721522?
1
What is the hundred millions digit of 179458312?
1
What is the tens digit of 3372368288?
8
What is the ten thousands digit of 9426722?
2
What is the tens digit of 1854574138?
3
What is the tens digit of 1518019988?
8
What is the hundreds digit of 258738304?
3
What is the thousands digit of 43819420?
9
What is the tens digit of 149804851?
5
What is the units digit of 72113850?
0
What is the ten thousands digit of 72858166?
5
What is the hundred millions digit of 445854896?
4
What is the ten thousands digit of 560482732?
8
What is the hundred thousands digit of 45524819?
5
What is the ten thousands digit of 1333699374?
9
What is the hundred thousands digit of 479594626?
5
What is the millions digit of 3095770323?
5
What is the hundred thousands digit of 62158425?
1
What is the ten millions digit of 417344949?
1
What is the hundreds digit of 3919053453?
4
What is the thousands digit of 3705006842?
6
What is the units digit of 268234435?
5
What is the hundreds digit of 803258025?
0
What is the hundreds digit of 1659123386?
3
What is the thousands digit of 1333440114?
0
What is the hundreds digit of 301798789?
7
What is the thousands digit of 587141730?
1
What is the ten thousands digit of 1280641364?
4
What is the hundred thousands digit of 2281420651?
4
What is the millions digit of 454890211?
4
What is the ten thousands digit of 546528786?
2
What is the hundreds digit of 1842832919?
9
What is the millions digit of 615165341?
5
What is the ten thousands digit of 4455805078?
0
What is the hundred thousands digit of 4700520625?
5
What is the hundreds digit of 4133147190?
1
What is the tens digit of 594444565?
6
What is the tens digit of 261208424?
2
What is the tens digit of 225856052?
5
What is the tens digit of 17179361?
6
What is the thousands digit of 1460158264?
8
What is the units digit of 154195317?
7
What is the tens digit of 897834645?
4
What is the units digit of 55843739?
9
What is the tens digit of 3398908869?
6
What is the tens digit of 98920094?
9
What is the ten millions digit of 534041928?
3
What is the ten thousands digit of 744001282?
0
What is the thousands digit of 279985707?
5
What is the millions digit of 3136716982?
6
What is the hundred millions digit of 208925317?
2
What is the hundred millions digit of 272811922?
2
What is the hundred millions digit of 182752822?
1
What is the ten millions digit of 30140533?
3
What is the hundred millions digit of 273410360?
2
What is the units digit of 3895221070?
0
What is the millions digit of 24634183?
4
What is the hundreds digit of 926696995?
9
What is the thousands digit of 485265604?
5
What is the hundred thousands digit of 442481900?
4
What is the units digit of 91268933?
3
What is the hundreds digit of 927130102?
1
What is the tens digit of 786518962?
6
What is the thousands digit of 28114363?
4
What is the hundreds digit of 571669995?
9
What is the units digit of 28324992?
2
What is the hundred thousands digit of 57132118?
1
What is the millions digit of 1838909402?
8
What is the units digit of 44770204?
4
What is the units digit of 642645195?
5
What is the hundreds digit of 96135745?
7
What is the hundred thousands digit of 20076305?
0
What is the millions digit of 568212836?
8
What is the thousands digit of 12507740?
7
What is the thousands digit of 429157539?
7
What is the hundred thousands digit of 529921761?
9
What is the tens digit of 89472844?
4
What is the thousands digit of 2740511330?
1
What is the thousands digit of 578959333?
9
What is the millions digit of 5282058308?
2
What is the tens digit of 6060896?
9
What is the units digit of 35991098?
8
What is the millions digit of 1103146661?
3
What is the hundreds digit of 1915528922?
9
What is the units digit of 50054398?
8
What is the hundreds digit of 192278302?
3
What is the ten thousands digit of 133855871?
5
What is the units digit of 866004675?
5
What is the millions digit of 6294267?
6
What is the hundreds digit of 1724362907?
9
What is the hundreds digit of 1484345953?
9
What is the ten thousands digit of 370033030?
3
What is the ten millions digit of 3753347649?
5
What is the ten thousands digit of 1010850211?
5
What is the ten millions digit of 78683654?
7
What is the millions digit of 2107584604?
7
What is the units digit of 2980250096?
6
What is the hundreds digit of 473596219?
2
What is the millions digit of 74209375?
4
What is the units digit of 2533890030?
0
What is the ten millions digit of 746123243?
4
What is the tens digit of 594501172?
7
What is the tens digit of 2589707288?
8
What is the millions digit of 170087463?
0
What is the ten thousands digit of 32706636?
0
What is the ten thousands digit of 720672232?
7
What is the thousands digit of 49844943?
4
What is the hundred millions digit of 127436132?
1
What is the millions digit of 4832359205?
2
What is the ten thousands digit of 510391205?
9
What is the ten millions digit of 299014047?
9
What is the thousands digit of 33251757?
1
What is the hundred thousands digit of 819848462?
8
What is the millions digit of 65510671?
5
What is the hundred millions digit of 330897282?
3
What is the units digit of 341317024?
4
What is the hundred thousands digit of 42231632?
2
What is the hundreds digit of 1385670843?
8
What is the units digit of 149283443?
3
What is the millions digit of 27535824?
7
What is the ten thousands digit of 2553178027?
7
What is the thousands digit of 2070924378?
4
What is the hundred thousands digit of 184129316?
1
What is the tens digit of 97608132?
3
What is the hundreds digit of 478698114?
1
What is the millions digit of 18528848?
8
What is the units digit of 68241317?
7
What is the hundred thousands digit of 1322998797?
9
What is the millions digit of 985757912?
5
What is the hundred thousands digit of 73051917?
0
What is the hundreds digit of 1194620536?
5
What is the tens digit of 3517707491?
9
What is the thousands digit of 47719930?
9
What is the hundred millions digit of 112424563?
1
What is the units digit of 620319031?
1
What is the ten thousands digit of 5010306?
1
What is the hundred thousands digit of 252279253?
2
What is the hundred thousands digit of 3156599212?
5
What is the tens digit of 6545140875?
7
What is the ten thousands digit of 36909725?
0
What is the tens digit of 17410971?
7
What is the billions digit of 5456295345?
5
What is the hundred thousands digit of 4191872330?
8
What is the thousands digit of 484515595?
5
What is the hundred thousands digit of 32777886?
7
What is the thousands digit of 55491494?
1
What is the billions digit of 2429132491?
2
What is the ten millions digit of 17552279?
1
What is the ten thousands digit of 18276053?
7
What is the hundreds digit of 9632433?
4
What is the tens digit of 5420916?
1
What i